 - 11. Calculate v(x).
-27
Suppose 0 = -4*f + 7*f + 42. Let k(o) be the third derivative of o**4/12 + 7*o**3/2 - 75*o**2 - 5*o - 3. What is k(f)?
-7
Let m(z) be the first derivative of z**2/2 + z - 3. Let c be 65*36/30*(-16)/(-6). Let r = 209 - c. Calculate m(r).
2
Let u(f) = -123 + 110*f + 386 - 138 - 125. Give u(-1).
-110
Suppose -4*h = -16, -2*x + 5*h - h - 26 = 0. Let f be (-1)/(-2)*10/x. Let y(g) be the third derivative of g**5/10 + g**4/12 + g**3/6 + 33*g**2. Give y(f).
5
Let j(y) = 30*y + 214. Let s(o) = -2. Let l(x) = -j(x) - 3*s(x). Determine l(-7).
2
Let z(l) = -20*l**3 + 97*l**2 - 55*l - 11. Let t(s) = 11*s**3 - 50*s**2 + 27*s + 7. Let h(m) = 11*t(m) + 6*z(m). What is h(-33)?
11
Let c(g) = -g**2 + 243*g - 1426. Let s be c(6). Let m be (-3)/(1 + (-2)/1). Let w(x) = x**m + 5*x + 4*x**2 - 3*x + 3*x**2 - 2*x**2 - 3. Determine w(s).
5
Let b be (12/(-21))/(3/(-21)). Suppose 4*j = -w + b*w + 3, -4*w - 3 = -5*j. Let h(p) = -155 + 4*p**2 - p**2 + 159 - 2*p**3. Determine h(j).
-23
Let m(h) = -h**2 + 2*h + 3. Suppose 36*n = 10*n - 182. Let l be (-5 + 4)*21/n. Give m(l).
0
Let r(t) = -t**3 - 5*t**2 + 23*t - 1. Let a(v) = -587*v + 11145. Let o be a(19). What is r(o)?
7
Let a(k) = 4*k - 261. Let v(h) = 3*h - 206. Let c(t) = 4*a(t) - 5*v(t). Suppose 3*w = -2*w. Let f(j) = j**2 + 6. Let s be f(w). What is c(s)?
-8
Let m(c) = 19 - 1973*c**3 - 7*c**2 + 1972*c**3 - 3*c**2 - 5*c**2 - 20*c + 5*c. What is m(-14)?
33
Suppose 7 = -n + 5*n + i, 5*i + 37 = 4*n. Let r(y) = -13*y**2 + 33*y**2 - 1 - n*y - 14*y**2 + 0 - 8*y**2. What is r(-5)?
-36
Let l(z) be the second derivative of -z**6/120 + z**5/30 + 5*z**4/24 + 5*z**3/6 - 11*z**2/2 + 123*z. Let n(a) be the first derivative of l(a). Calculate n(4).
-7
Suppose 83 = -2*w + 7*w + 3*m, -3*m - 47 = -5*w. Let j(b) = b**2 - 19*b + 65. Determine j(w).
-13
Let g(c) = -c**3 + 5*c**2 - c - 5. Let w = -26 + 44. Let p = -20 + w. Let l be ((-16)/3 - p)/((-4)/6). What is g(l)?
-10
Let k(p) = p - 4. Let b be (-4)/(-6) - (-4)/(-6). Let m be k(b). Let w(f) be the first derivative of f**2/2 + 6*f + 6241. Calculate w(m).
2
Let k(h) be the first derivative of -2*h**3/3 - h**2 + 2*h + 5. Let c(b) = 9*b - 131. Let p be c(14). Let f be 2/(10*p/10)*5. Give k(f).
-2
Let a(q) = -203*q + 117. Let t(c) = 74*c - 39. Let w(k) = -4*a(k) - 11*t(k). Calculate w(-24).
9
Let t(z) be the third derivative of z**5/60 + z**4/2 - 13*z**3/6 + 3079*z**2. What is t(-14)?
15
Let m(i) = -6 + 0 - 4*i + 0. Let j(d) = -2*d**3 + 3*d**2 - 1. Let t be 20/30 + 8/6. Let h be j(t). Determine m(h).
14
Let d = 83 - 77. Suppose -d*y + 2 = 2. Let z(t) = t + 2. What is z(y)?
2
Let t(m) = m**2 + 5*m + 7. Let a(f) = f**2 - 1615*f - 6. Let u be a(0). What is t(u)?
13
Let y = 8 - 0. Suppose -3*r + y = -1. Let c(i) be the first derivative of -i**3/3 + i**2/2 - 3*i + 7255. Calculate c(r).
-9
Let g(s) = 19*s**3 + 9*s**2 - 5. Let w(d) = -23*d**3 - 10*d**2 + d + 6. Let m(a) = 6*g(a) + 5*w(a). Determine m(5).
0
Suppose 7 = -2*w + a, -2*w - 5 = 184*a - 187*a. Let r(i) = -3*i**2 + 13*i + 29. Determine r(w).
-71
Let h(m) = -5*m + 1433*m**2 + 22 - 714*m**2 - 11 - 720*m**2 + 10. Give h(-10).
-29
Let v be 8/(3 - (1 - 0)). Suppose 8 = v*k + 2*n, -6 = -5*n + 14. Suppose k = -h - 2 + 4. Let p(w) = w**2 + 1. Determine p(h).
5
Let h(m) = m**3 - 9*m**2 + 24*m - 30. Suppose 54 = -19*n + 50*n - 22*n. What is h(n)?
6
Let z(u) be the second derivative of -u**5/60 + 7*u**4/24 + u**3/3 + 97*u**2 - 3*u - 18. Let h(c) be the first derivative of z(c). Give h(6).
8
Suppose 132*j + 27 = 1 - 106. Let o(v) = 5*v**2 - 5*v - 6. Determine o(j).
4
Let q(c) = 30*c**2 - 3*c - 7. Let p be q(-2). Suppose 138*m - p*m - 114 = 0. Let g(r) = -r**2 + 5*r - 7. Calculate g(m).
-13
Let n(a) = -a**2 - 6*a - 3. Let x be n(-4). Let u be (-24)/56 - 17/(-7). Let p(k) = -3*k - 4*k**3 - 1 + 2*k**3 - 3*k**3 + 6*k**3 - 4*k**u. Give p(x).
9
Let o(f) = f**2 - 5*f - 10. Let r be (-10)/3*(-37 - -13). Let v = r + -16. Suppose 0 = g + 57 - v. Calculate o(g).
4
Let o(a) = -a**2 - a**2 - 3*a + 4 + 0*a. Suppose -2*r = -30*w + 32*w + 10, -2*w - r - 8 = 0. Determine o(w).
-5
Suppose -7*h + 496 + 736 = 0. Suppose 173*k - 6 = h*k. Let b(x) = x**2 + 6*x + 3. Calculate b(k).
-5
Let f(y) = -y**3 + 4*y**2 + 3*y - 7. Let c(b) = 10*b**2 + 591*b + 65. Let n be c(-59). Calculate f(n).
-61
Suppose 0 = -3*i + 31 - 28, h + 5*i - 20 = 0. Let w(p) = p**2 - 18*p + 13. What is w(h)?
-32
Let b(a) = -10*a - 14. Let z(m) = 2*m + 2. Let x be (6 + 33/(-6))*-2. Let d(c) = x*b(c) - 4*z(c). Determine d(-10).
-14
Let r be 8/12*72/((-4)/(-1)). Let g(u) = u**3 - 14*u**2 + 26*u - 24. Let n be g(r). Let b(z) = z**3 - z**2 + z - 4. Calculate b(n).
-4
Let m(r) = 2*r**2 + 2*r + 5. Let s(g) = -1. Let d(i) = m(i) + 2*s(i). Let t = 1349 - 1351. Let p be d(t). Let k(u) = u**3 - 6*u**2 - 9*u - 1. Determine k(p).
-15
Let z = -7729 - -7739. Let i(b) = b**2 - b**2 + 4 - b**3 + 8*b + 2*b**2 + 7*b**2. Give i(z).
-16
Let o(r) = r**3 + 28*r**2 + 13*r - 5. Let f(v) = v**3 + 24*v**2 + 10*v - 6. Let z(t) = -5*f(t) + 4*o(t). What is z(-7)?
-53
Let d = -79222 + 79227. Let s(b) be the second derivative of -b**4/6 + 4*b**3/3 + 2*b**2 + 3*b. Determine s(d).
-6
Let u(r) be the third derivative of -11*r**4/12 - 179*r**3/6 + 3*r**2 - 1021. Calculate u(-8).
-3
Let g(t) = 4*t**2 - 2 - 1 - 3*t**3 + 2*t**3 + t. Suppose -5*m + 10*m - 32 = -j, j + 2*m = 20. Suppose -51 = j*x - 99. Give g(x).
1
Let u(n) = -n**2 - 5*n - 1. Suppose 715 = 19*z - 83. Let s be (-69)/18 - 7/z. Calculate u(s).
3
Let k(q) be the second derivative of -q**5/20 + q**4/3 + q**3/2 - 13*q**2/2 - 5*q - 128. Give k(4).
-1
Let l be (-4 - (-405)/75) + 148/(-20). Let t(b) = b**2 + 49*b + 258. Determine t(l).
0
Suppose 0 = 231*u - 227*u - 184. Suppose -10 = -6*q - u. Let o(l) be the first derivative of l**4/4 + 2*l**3 - 2*l - 1. What is o(q)?
-2
Let f(x) = -x + 1. Let p = -32 - -35. Suppose 25 = 2*z + p*z. Give f(z).
-4
Let q(t) = -3*t + 7. Suppose -2*m = -0*m + 28. Let n be (-58)/m + (-4)/28. Let x be q(n). Let v(f) = f**2 + 4*f + 2. Calculate v(x).
7
Let c(s) = -42*s**2 - 4*s + 3. Let t be c(2). Let v = -165 - t. Let m(h) = -2*h + 6. Determine m(v).
-10
Let r(o) = o - 6. Let n be r(12). Let t(v) = -1 - 1539207*v + 9*v**2 - v**3 + 1539208*v + 2 - 3*v**2. Determine t(n).
7
Let o = 1 - 1. Let k be (-1 - 2)/((-9)/12*16/24). Let f(w) = w + 3 + k + o*w. Determine f(0).
9
Let l(r) = 279 - 6*r**2 - 6*r - 3*r + 275 - 831 + 279. Give l(-3).
-25
Let j(l) = -24*l + 2. Let x(i) = -12*i + 1. Let d = 63 - 66. Let r(g) = d*j(g) + 7*x(g). Let w(f) = -25*f + 2. Let q(a) = -7*r(a) + 3*w(a). Calculate q(-2).
-19
Let l(d) be the first derivative of -d**6/120 - 2*d**5/15 - d**4/4 + 13*d**3/6 - 65*d**2/2 + 71. Let n(v) be the second derivative of l(v). Give n(-7).
6
Let j be (-1375)/(-220)*72/30. Let w(p) = p**3 - 15*p**2 - 3*p + 34. Calculate w(j).
-11
Let h(i) be the third derivative of i**5/60 - 17*i**3/2 - 43*i**2 + 4*i. Give h(7).
-2
Let x(g) = -2*g**2 - 10*g - 1. Let i = -2169 + 2163. Calculate x(i).
-13
Let p(f) = -f + 3. Let s = 278 - 273. Suppose 0 = s*y - 25 - 40. Give p(y).
-10
Suppose -5*u = i - 10, -2*u - 20 = 2*i - 0*u. Let f(r) = -r**2 - 14*r + 97. Give f(i).
82
Let v(c) = 2*c**3 - 75*c**2 - 117*c + 9. Let i be v(39). Let b(n) = n**2 - 6*n + 28. Calculate b(i).
55
Let p = 13 - 18. Let h(w) be the third derivative of 0 + 1/60*w**5 + 0*w + 1/4*w**4 + 1/6*w**3 + 41*w**2. Determine h(p).
-4
Let r(k) be the first derivative of k**2 + 20*k + 732. Calculate r(-7).
6
Let j(f) be the second derivative of f**4/12 - f**3 + 4*f**2 - 330*f + 4. Determine j(2).
0
Let x(k) = 7*k - 180. Let i be x(27). Let m(o) = 3*o**2 + 6*o**3 + o + 2*o**3 + o**2 - i*o**3 + 2*o**3 + 5. Give m(-5).
-25
Let p = 3817 + -3812. Let c(b) = -2*b**3 + 10*b**2 + b - 7. Give c(p).
-2
Suppose -15*l = -9 + 39. Let w(k) be the third derivative of k**4/24 + k**3/3 - 4*k**2. Determine w(l).
0
Let d(p) be the third derivative of p**6/120 + p**5/10 + p**4/24 + 2*p**3/3 + 648*p**2. Let l(m) = -m**3 - 4*m**2 + 12*m - 5. Let n be l(-6). Calculate d(n).
24
Let c(q) = 2*q - 20. Let n(u) = -4. Let y(a) = -2*c(a) + 11*n(a). Suppose -15 = 9*j + 21. Determine y(j).
12
Let x(k) = 20*k - 2. Let q(d) = 4*d - 141 - 133 + 272 - 3*d. Let v(j) = 2*q(j) - x(j). Calculate v(1).
-20
Let p(q) = 2*q - 2